 -3*q - 19450. Is u prime?
True
Suppose 782 - 12590 = -72*j. Let h = 616 + -237. Let c = h - j. Is c composite?
True
Let w = -1576 - 366. Let f = w - -3343. Is f prime?
False
Let v = 1811 + 29870. Is v a composite number?
True
Let t(b) = -59355*b - 2638. Is t(-5) prime?
False
Suppose 120*h - 1117414 = -70*h + 1209516. Is h a composite number?
True
Let c(g) = 2*g**3 - 24*g**2 + 26*g - 34. Let q be c(11). Suppose q*i - 10727 = -7*i. Is i a composite number?
False
Let u be (1*2)/(6/(-18)). Let c = 3 - 0. Is (-6)/u*(14 - c) prime?
True
Suppose -3*x + 5*t + 70486 = 0, -x - 26*t = -21*t - 23502. Is x a composite number?
False
Suppose -5*t = 5, -3*t + 543719 + 175520 = 2*w. Is w a composite number?
False
Is 9/12 + 145729/4 a prime number?
True
Let g(a) = -3*a + 27. Let p(y) = -y**2 - 6*y + 13. Let j be p(-7). Let n be g(j). Let f(t) = 6*t**3 + 2*t**2 - 1. Is f(n) composite?
True
Let s = 313 - 306. Suppose 4*x + 5*a - 16794 = 0, -4*x + s*x = a + 12605. Is x a composite number?
False
Let q = -18691 - -419370. Is q a composite number?
False
Let b(o) be the third derivative of 439*o**5/20 + 5*o**4/24 + o**3/2 + 82*o**2. Is b(-1) composite?
True
Let d = 19754 + 146023. Is d composite?
True
Let g be -5 - (-1 + 4)*-1 - 3688. Let c = g + 6697. Is c composite?
True
Is (1170674/6)/(-7 - (-208)/24)*5 composite?
False
Let o(x) = -35*x + 177. Let j be o(5). Suppose -746 = -j*b - 4*m + 8*m, -5*b = 3*m - 1904. Is b composite?
False
Let t(l) = 20*l**2 + 45*l - 31. Let k be (7*(-30)/(-21))/((-2)/4). Is t(k) a prime number?
True
Let z = 15064 - 10719. Suppose -235*q = -240*q + z. Is q composite?
True
Suppose 0 = -q + 2*j + 35, 26*q = 27*q + 4*j - 5. Let p(c) = 18*c + 4. Let s be p(3). Let i = s + q. Is i a composite number?
False
Let a(n) = 735*n**2 - 73*n + 93. Is a(37) a composite number?
True
Let w = -210 - -201. Let r(l) = -90*l - 127. Is r(w) a composite number?
False
Let o be 4/34 + 1521/221. Suppose o*j = 19 + 16. Is (-1)/((-15)/474)*j prime?
False
Suppose -56*n - 161902 = -69*n. Suppose -7*d + n = -28825. Is d prime?
True
Let w = 7182 + -2170. Let m(u) = u**3 + u**2 + 2*u + 1. Let o be m(-1). Is (o - 2)*(w/(-6) + -5) composite?
False
Let m = 20 + -18. Let h(w) = 8 - 4*w**3 - 3 + 11*w + 2*w**2 + 0*w + 5*w**m. Is h(-8) composite?
True
Let a be (-421)/3*-1*18/2. Let t = 43088 + a. Is t prime?
True
Suppose -3 = 5*a + 17. Let s = -27 - -29. Is (-5444)/a*(s - 1) composite?
False
Suppose -3*w = -12*w + 27. Suppose w*i = -12, -3*z + 5*i - 2191 = -0*z. Let k = z - -1284. Is k composite?
False
Suppose -3*r - 5*o + 55662 = 0, 2*o = 20*r - 16*r - 74242. Is r a prime number?
False
Let z(r) = 233*r**3 - 9*r**2 + 63*r - 97. Is z(4) composite?
False
Let g(q) = 30819*q**2 - 18*q - 17. Is g(-2) a composite number?
True
Suppose -1017*c - 9515344 = -1033*c. Is c a prime number?
True
Let g(q) = 186*q - 17. Let m = 24 + -75. Let u = m - -59. Is g(u) a prime number?
True
Suppose 0 = -p - 4*t + 917, 4*p = 2*p - 3*t + 1839. Suppose 0*g + 8 = g. Suppose -g*h + p = -7*h. Is h a prime number?
False
Suppose -6*h + 6*h - 558678 = -6*h. Is h composite?
False
Suppose 9*m - 6783 - 3063 = 0. Suppose m = 9*z - 1633. Suppose 1632 = 3*h + z. Is h a prime number?
True
Is (-357)/306 - (-5006020)/24 a prime number?
False
Let f = 34346 + -55. Is f a composite number?
True
Let s = 453777 - 312620. Is s composite?
False
Suppose -h + 8*h - 28 = 0. Let t(x) = -4*x - 14. Let r be t(h). Let p = r + 367. Is p composite?
False
Suppose -6 = -3*s + 3*d, -4*d + 2*d = -4*s + 14. Suppose -2*y + 112 = -3*w, -w - s = y + 39. Is (-2684)/(-9) + (2 - w/(-18)) composite?
True
Suppose -4*j = 5*g - 613333, 245332 = 2*g - 8*j + 9*j. Is g composite?
True
Is (-1)/(-11)*13177189 - 213/781 a composite number?
True
Let d be 0/(4 + (3 - 8)). Suppose d = -2*f + 24*f - 17578. Is f prime?
False
Let u = -6207 - -9429. Suppose 3*m - u = 4731. Is m composite?
True
Let t = -10568 + 1360. Let f = t - -14513. Is f a composite number?
True
Let y = 4153 + -353. Let j = -1515 + y. Is j composite?
True
Suppose -g + 4 = 1. Let p(i) = -19*i**3 - 5*i**2 + 3*i. Let q(u) = 76*u**3 + 20*u**2 - 13*u + 1. Let h(y) = -9*p(y) - 2*q(y). Is h(g) a composite number?
True
Suppose 12 = -6*o + 30. Suppose -3*g + 21 = -o*d - 0*d, 32 = 5*g - 4*d. Suppose -68 + 584 = g*m. Is m composite?
True
Let b(x) = -3*x - x + 2 + 2*x + 26. Let o be b(14). Suppose 7*w - 9672 - 2459 = o. Is w prime?
True
Suppose -w = -o - 4*o - 3, 3*o - 15 = 3*w. Let i(m) = -41*m + 6. Let c be i(w). Suppose -10*p = -11*p + c. Is p a prime number?
True
Let p(s) = -2*s**2 + 9*s - 2. Let j be p(4). Suppose j*c = 2*g - 102, 2*c - 63 = -2*g + g. Suppose x = g + 24. Is x composite?
False
Let l(p) = -493*p**3 + 46*p**2 + 11*p + 25. Is l(-7) a composite number?
True
Let i(j) = -59*j**2 + 599*j**2 + 300*j**2 - 15*j. Let d be i(6). Is d/14 - 12/21 a composite number?
False
Suppose 5*r - 3*m = 0, 0 = -7*r + 3*r + 5*m. Suppose 5*z + z - 48 = r. Suppose 6*w = z*w - 3802. Is w a prime number?
True
Is (417844/42)/(1590/(-3150) - 6/(-10)) a composite number?
True
Let z(x) = 34026*x**2 + 9*x - 4. Suppose 2*y + 3*i = -4, 5 - 15 = 5*i. Is z(y) a prime number?
True
Let v be (9/(-6))/((-18)/84). Suppose -32001 = -v*g + 51040. Is g a prime number?
True
Suppose 0 = 36*q - 5865053 + 211721. Is q a prime number?
True
Suppose 5*w = k + 1100, -10*w = k - 7*w + 1116. Let b be (-4424)/20 + (-1)/(-5). Let p = b - k. Is p prime?
False
Let r be (8/1)/((-6)/(-2) - -1). Suppose -8*y + 5*y - 1382 = -2*g, -r*y - 691 = -g. Is g a prime number?
True
Suppose 43*f = 86*f - 11174281. Is f composite?
False
Let t be 0 + (-4)/(-6) - (-2)/(-3). Suppose x - 594 + 57 = t. Let a = x + -314. Is a a prime number?
True
Let v = 109723 + -36416. Is v a composite number?
True
Let z be 2/((-8)/(-38))*6/3. Suppose -z*a + 26*a = 63385. Is a prime?
False
Let r be 2 - 5 - 21*-9. Let c = r - 133. Suppose -5*t + 136 - c = d, 2*d - 166 = 4*t. Is d a prime number?
True
Let o(b) = -b**3 - 3*b**2 + 31*b + 42. Let j be o(-12). Let p = j + -731. Is p a composite number?
True
Let d = 796471 - 419702. Is d a composite number?
False
Let j(y) = 6*y**3 - 2*y**2 + 9*y - 4775. Let u(l) = 3*l**3 - l**2 + 5*l - 2387. Let q(i) = -6*j(i) + 11*u(i). Is q(0) composite?
False
Suppose y - 3024 = -q, 2*q + 5*y - 4574 = 1480. Is q prime?
False
Let p = -21 - -28. Suppose 4*b = p*b + 3*c - 2154, -2169 = -3*b + 2*c. Let q = b + -339. Is q prime?
False
Let g(p) = 5*p**2 + 94*p - 13. Let t be (4/14)/((-1)/(-133)). Is g(t) a composite number?
True
Suppose 5*o + 181 = -109. Let z = -55 - o. Suppose -2*k + 3*h - 218 = -7*k, k - 58 = z*h. Is k a prime number?
False
Let h = 111 - 97. Suppose 5*q + 42759 = h*q. Is q composite?
False
Let z(q) = 5*q**2 + 24*q - 7. Let r be z(3). Let j = r + 297. Is j a composite number?
True
Is ((-210)/9 + 23)/((-3)/(-2446398)*-2) a prime number?
True
Let t(o) = 20*o**3 + 7*o**2 + 7*o + 24. Let x be t(6). Suppose -5*l = 2*i - x, 4*i - 9248 = -14*l + 11*l. Is i composite?
False
Let n = 1140166 + -739061. Is n composite?
True
Let a(t) = t**2 - 8*t - 21. Let x be a(18). Suppose 4431 = -152*l + x*l. Is l prime?
False
Suppose 8128 = -58*l + 62*l. Suppose i - 8 = -i. Suppose i*y = 5580 - l. Is y prime?
True
Let c be 6*1/2 - 4/4. Suppose 0 = 6*m + c*m + 39560. Let x = 8636 + m. Is x a prime number?
True
Let o be -174*(-3 + (-55)/(-15)). Let g = -110 - o. Suppose g*a - 25789 = -11*a. Is a composite?
True
Suppose -1 = -2*l + 3*l - 3*g, l - 7 = -g. Let n be 3/(3/(-4)) - l. Is 75/(-10)*1902/n a prime number?
False
Is 4/22 + (19092444/(-154))/(-6) a composite number?
False
Let j = -141603 + 895252. Is j prime?
False
Suppose 43953733 - 11258719 = 66*j. Is j composite?
True
Suppose -114*d = -10*d - 9343048. Is d a composite number?
True
Let b(s) = 137990*s**2 + 18*s - 1. Is b(-1) a prime number?
False
Let p(m) = 15540*m**2 + 42*m - 43. Is p(1) prime?
False
Let v(t) = 201*t + 22. Let r be v(2). Suppose -2*n + 4*n + 2*o - 176 = 0, 3*o + r = 5*n. Is n a composite number?
True
Let g(m) = 444*m**2 - 54*m + 121. Is g(-21) composite?
False
Suppose 29 - 249 = -22*s. Suppose 29629 = s*m - 4241. Is m prime?
False
Suppose 144*v - 1855266 = 136110. Is v a composite number?
False
Let k = -46 + 41. Let r(v) = -3*v**3 - 6*v**2 + 2*v - 4. Is r(k) a prime number?
True
Is (-349